 132. Give m(-3).
3
Let k(m) = 53*m + 162. Give k(-6).
-156
Let l(t) = -14*t - 1. Give l(1).
-15
Let k(z) = -z**3 - 7*z**2 - 5*z + 7. Determine k(-6).
1
Let i(o) = -o**3 + o**2 - 2. Give i(4).
-50
Let u(l) = l**3 + 15*l**2 - 15*l + 10. Determine u(-16).
-6
Let t(i) = -11*i - 20. Give t(-3).
13
Let q(p) = -2*p + 56. Determine q(24).
8
Let f(v) = v + 2. Determine f(3).
5
Let b(o) = -3*o**2 - 58*o + 31. Give b(-20).
-9
Let x(m) = m**3 - 3*m**2 + 5*m + 1. Give x(2).
7
Let q(l) = -3*l**2 - l + 1. Calculate q(2).
-13
Let f(r) = 7*r + 2. Determine f(-6).
-40
Let f(l) = -l**2 - l + 1. What is f(-5)?
-19
Let d(y) = y**2 + y - 20. Give d(0).
-20
Let f(j) = -2*j**2 - 3. Determine f(-2).
-11
Let y(v) = -14*v + 255. Calculate y(19).
-11
Let n(g) = -g**3 - 9*g**2 - 10*g - 2. What is n(-8)?
14
Let u(b) = -b**3 + 7*b**2 - 5*b + 10. Calculate u(7).
-25
Let y(w) = -2*w**3 - 16*w**2 - 2*w + 16. Give y(-7).
-68
Let s(q) = q + 7. What is s(-7)?
0
Let m(p) = 4*p**2 + 13*p + 21. Calculate m(-4).
33
Let d(t) = t**2 - 7*t + 9. What is d(4)?
-3
Let z(b) = -4*b**3 + 3*b**2 + 5*b + 4. Give z(-1).
6
Let n(o) = o**3 + 4*o**2 - 11*o + 1. What is n(-6)?
-5
Let t(g) = -g**3 + 22*g**2 - 20*g - 25. Calculate t(21).
-4
Let s(c) = c**3 + 4*c**2 + 4*c + 5. Determine s(-4).
-11
Let c(y) = y**2 - 15*y + 12. Determine c(14).
-2
Let z(c) = 35*c - 385. What is z(11)?
0
Let w(i) = -i**3 + 5*i**2 + 5*i - 6. Give w(6).
-12
Let w(i) = -32*i + 22. What is w(4)?
-106
Let j(p) = 8*p**3 - p**2 + p - 1. Calculate j(1).
7
Let w(q) = 51*q**2 - 158*q + 13. What is w(3)?
-2
Let p(r) = 3*r - 1. What is p(-11)?
-34
Let c(d) = -124*d - 741. Determine c(-6).
3
Let d(c) = c**2 + 7. Give d(-4).
23
Let l(d) = d**3 - 30*d**2 + 59*d - 31. Calculate l(28).
53
Let w(n) = n**3 + 3*n**2 + 2*n + 6. Give w(-4).
-18
Let q(b) = -b**2 - b - 23. Give q(-6).
-53
Let r(p) = p**3 - 16*p**2 + 15*p - 19. Give r(15).
-19
Let a(x) = x**3 + 7*x**2 + 41*x + 158. Calculate a(-5).
3
Let m(g) = g**3 + 12*g**2 + 21*g - 12. Calculate m(-10).
-22
Let w(n) = -n - 6. What is w(-10)?
4
Let w(g) = 6*g - 113. Calculate w(19).
1
Let m(l) = -l**2 + 12*l - 40. Give m(4).
-8
Let x(m) = 14*m - 2. Calculate x(6).
82
Let l(d) = d**3 + 25*d**2 + d + 21. What is l(-25)?
-4
Let s(h) = -h**3 + 3*h**2 - h + 12. What is s(0)?
12
Let f(l) = -l**3 - 16*l**2 + 16*l - 11. Determine f(-17).
6
Let x(o) = -o**3 - 3*o**2 + 12*o - 40. Give x(-6).
-4
Let h(r) = -2*r**3 - 4*r**2 + 4. What is h(-2)?
4
Let p(o) = 3*o - 12. Determine p(10).
18
Let t(z) = 19*z - 482. Calculate t(25).
-7
Let h(w) = -w**3 + 9*w**2 - 5*w - 7. Calculate h(7).
56
Let n(r) = r**3 - 21*r**2 - 19*r - 72. Determine n(22).
-6
Let g(m) = -2*m**3 - 21*m**2 + 12*m + 3. What is g(-11)?
-8
Let t(i) = -16*i + 247. Determine t(15).
7
Let h(b) = 27*b**3 - b**2 + b. Give h(1).
27
Let n(w) = -20*w - 16. Give n(-5).
84
Let j(z) = -z**3 + 6*z**2 + 6*z - 9. Calculate j(7).
-16
Let n(c) = c**3 + 9*c**2 - 4*c + 59. Give n(-10).
-1
Let r(o) = 4*o**2 + 7*o + 9. Calculate r(-2).
11
Let a(w) = 4*w + 26. Calculate a(-7).
-2
Let b(l) = -l**3 - 6*l**2 - l - 9. Calculate b(-6).
-3
Let m(f) = f + 39. Determine m(-33).
6
Let l(d) = d**3 + 22*d**2 - d - 66. Calculate l(-22).
-44
Let v(s) = -s**2 - 11*s. What is v(-8)?
24
Let v(y) = -y**3 - 6*y**2 - 8*y - 3. Determine v(-5).
12
Let x(b) = 233*b + 935. Calculate x(-4).
3
Let p(v) = -v + 17. What is p(8)?
9
Let c(h) = -h - 52. Give c(-12).
-40
Let a(d) = -d**3 + 7*d**2 - 11*d - 5. Give a(5).
-10
Let g(h) = -h**2 + 6*h - 1. Give g(7).
-8
Let l(q) = q**3 + 6*q**2 - q - 8. What is l(-6)?
-2
Let y(j) = j**3 + 9*j**2 - 9*j + 10. Determine y(-10).
0
Let s(g) = 2*g + 8. What is s(4)?
16
Let p(i) = -3*i**2 - 10*i + 11. What is p(-7)?
-66
Let q(p) = -p**3 - 5*p**2 + 5*p + 3. Give q(-5).
-22
Let o(d) = -d**3 + 2*d - 43. What is o(0)?
-43
Let n(d) = 8*d + 9. What is n(-6)?
-39
Let x(a) = -122*a + 353. Calculate x(3).
-13
Let o(c) = c**2 - 3*c - 3. What is o(3)?
-3
Let t(a) = -a**3 + 9*a**2 + 22*a + 7. Determine t(11).
7
Let c(o) = -o + 3. What is c(13)?
-10
Let h(x) = -x**3 - 12*x**2 - 13*x - 5. Calculate h(-11).
17
Let a(c) = -c**3 + 4*c**2 - 4*c. What is a(3)?
-3
Let k(s) = 9*s + 3. Calculate k(-7).
-60
Let r(q) = -q**2 + 12*q. Give r(5).
35
Let m(h) = 2*h**2 + 25. Give m(6).
97
Let v(k) = 5*k**2 + 3*k. Give v(-1).
2
Let p(k) = k**3 + 3*k**2 + 2*k + 9. Determine p(-4).
-15
Let q(s) = 19*s**2 - s. Give q(-1).
20
Let v(c) = c**3 - 6*c**2 + 4. Give v(6).
4
Let k(b) = -4*b + 8. Determine k(3).
-4
Let u(l) = -95*l + 1617. Determine u(17).
2
Let c(m) = m**3 - 8*m**2 + 13*m - 21. Determine c(7).
21
Let n(i) = 2*i**3 - 8*i**2 + 8*i + 4. Give n(2).
4
Let g(c) = -c**2 - 34*c - 285. Determine g(-18).
3
Let v(t) = 12*t**2 + t - 2. What is v(1)?
11
Let f(p) = 4*p + 40. Calculate f(-7).
12
Let a(n) = -5*n**3 - 2*n**2 + 2*n + 2. Give a(2).
-42
Let n(h) = h**2 - 11*h + 18. Determine n(6).
-12
Let a(t) = t**2 - 2*t - 15. Give a(3).
-12
Let w(p) = 36*p - 176. Give w(5).
4
Let c(v) = -v + 7. What is c(8)?
-1
Let p(o) = -o**3 + 9*o**2 - 10*o - 8. Calculate p(5).
42
Let w(q) = 3*q**2 + 4*q - 3. Calculate w(2).
17
Let d(p) = -p**3 + 4*p**2 + 3*p - 47. What is d(0)?
-47
Let p(q) = q**3 - 9*q**2 + 12*q - 18. Determine p(8).
14
Let h(z) = -8*z**2 + 6*z + 9. Calculate h(-2).
-35
Let j(o) = -6*o**2 + 3*o + 3. Determine j(2).
-15
Let x(a) = a**3 + 4*a**2 - 11*a - 1. Calculate x(-5).
29
Let z(o) = -25*o - 178. Determine z(-7).
-3
Let k(y) = -y**3 + 3*y**2 + 6*y - 14. Determine k(4).
-6
Let f(u) = 3*u**2 + 9*u + 1. What is f(-4)?
13
Let w(r) = -3*r**2 - 22*r - 9. Determine w(-7).
-2
Let l(s) = s**2 + 4*s - 1. Give l(-5).
4
Let m(u) = -2*u + 13. Give m(11).
-9
Let o(d) = d**2 - 24*d - 19. Calculate o(27).
62
Let o(u) = 15*u - 12. Determine o(1).
3
Let n(g) = -g + 1. Calculate n(6).
-5
Let n(p) = p**3 + 29*p**2 - 61*p + 22. What is n(-31)?
-9
Let q(p) = -68*p - 201. What is q(-3)?
3
Let n(i) = -i**3 - 6*i**2 + 4*i + 6. Give n(-7).
27
Let u(z) = z + 8. Give u(1).
9
Let j(t) = t**2 + 86*t + 475. What is j(-6)?
-5
Let f(n) = -14*n - 427. Calculate f(-30).
-7
Let o(i) = -4*i**2 - 14*i + 8. Give o(-4).
0
Let z(p) = -p**3 - p**2 + 28. Determine z(0).
28
Let i(o) = -o**2 + 6*o - 4. What is i(3)?
5
Let a(d) = 11*d - 127. What is a(10)?
-17
Let a(f) = -2*f - 21. Give a(-14).
7
Let n(q) = -7*q + 1. Determine n(-6).
43
Let s(p) = 17*p**2 + 24*p - 23. Determine s(1).
18
Let u(a) = -a**3 + 12*a**2 - a + 6. Calculate u(12).
-6
Let i(a) = -92*a**2 + 5*a + 1. Give i(-1).
-96
Let v(q) = -5*q**2 + 10*q - 5. Give v(2).
-5
Let b(m) = 8*m + 74. Determine b(-21).
-94
Let w(z) = -77*z - 999. Calculate w(-13).
2
Let d(c) = -c - 2. What is d(-6)?
4
Let z(r) = 10*r**2 - 42*r + 3. Calculate z(4).
-5
Let d(z) = -z**3 - 29*z**2 - 100*z + 17. Give d(-25).
17
Let y(c) = -6*c - 39. Give y(-11).
27
Let d(g) = -g**2 + 30*g + 41. Calculate d(32).
-23
Let z(s) = -5*s**2 - s - 4. Give z(-3).
-46
Let a(t) = -t. What is a(4)?
-4
Let a(c) = c**2 + 11*c - 5. Determine a(-11).
-5
Let h(r) = -r**3 + 37*r**2 - 134*r + 55. Calculate h(33).
-11
Let a(r) = -r**2 - 13*r - 17. Determine a(-14).
-31
Let q(x) = -9*x + 30. What is q(6)?
-24
Let s(c) = c**3 + 2*c**2. Calculate s(-3).
-9
Let s(v) = -v**2 + 4*v - 3. Determine s(6).
-15
Let q(h) = h**3 - 39*h**2 + 38*h + 3. Give q(38).
3
Let o(y) = 2*y**2 + 10*y + 3. Give o(-4).
-5
Let h(c) = c**2 - c - 2. What is h(-1)?
0
Let c(b) = -b**3 + 9*b**2 - 10*b + 15. Calculate c(8).
-1
Let b(r) = -r**2 - 12*r. Determine b(-15).
-45
Let z(l) = l**3 + 16*l**2 + 14*l - 14. Give z(-15).
1
Let u(t) = 2*t**2 - 17*t + 7. Calculate u(8).
-1
Let t(q) = -q**2 + 15*q + 26. Calculate t(17).
-8
Let n(a) = -32*a + 26. Determine n(3).
-70
Let z(l) = 18*l**2 + 2*l - 1. Calculate z(1).
19
Let y(d) = 2*d**2 + 17*d - 10. Determine y(-14).
144
Let b(v) = v**2 - 9*v + 3. Give b(11).
25
Let j(z) = -z + 4. What is j(9)?
-5
Let m(q) = -4*q + 41. What is m(5)?
21
Let z(d) = -d + 1. Determine z(11).
-10
Let o(a) = 4*a**2 + 5*a + 2. Give o(-3).
23
Let y(d) = -d**3 - 18*d**2 + 21*d + 36. Determine y(-19).
-2
Let v(x) = -x**3 + 3*x**2 + 6*x + 2. Give v(5).
-18
Let s(w) = 13*w - 1. Calculate s(-2).
-27
Let n(o) = 2*o**3 - 14*o**2 + 7*o - 16. Determine n(7).
33
Let h(b) = -2*b - 51. What is h(-15)?
-21
Let p(q) = -6*q**2 + 3*q - 3. Give p(1).
-6